vert 30 (base 6) to base 11.
17
Convert -3 (base 4) to base 15.
-3
What is -298 (base 10) in base 3?
-102001
96 (base 14) to base 10
132
0 (base 10) to base 6
0
Convert -1 (base 2) to base 5.
-1
What is -10 (base 7) in base 2?
-111
What is 122 (base 3) in base 5?
32
Convert -12 (base 15) to base 14.
-13
What is 1 (base 10) in base 16?
1
Convert -62 (base 12) to base 13.
-59
-2 (base 9) to base 12
-2
10211 (base 4) to base 8
445
241 (base 6) to base 4
1201
Convert 2 (base 12) to base 11.
2
-102 (base 4) to base 6
-30
Convert 13 (base 6) to base 5.
14
-35 (base 12) to base 6
-105
What is 5 (base 9) in base 7?
5
-4 (base 6) to base 2
-100
-2221 (base 4) to base 8
-251
What is a (base 15) in base 10?
10
16 (base 15) to base 3
210
What is -28 (base 10) in base 14?
-20
What is -214 (base 8) in base 15?
-95
What is 131 (base 5) in base 9?
45
Convert -80 (base 9) to base 11.
-66
What is -1a (base 13) in base 6?
-35
What is -2 (base 12) in base 7?
-2
-1100000 (base 2) to base 13
-75
Convert 13 (base 7) to base 8.
12
3 (base 15) to base 5
3
Convert 1 (base 10) to base 5.
1
3 (base 10) to base 16
3
What is 7 (base 8) in base 2?
111
What is -5 (base 9) in base 7?
-5
Convert -2121 (base 3) to base 9.
-77
What is 10 (base 3) in base 14?
3
Convert 4a (base 14) to base 10.
66
What is 118 (base 13) in base 14?
d8
-c (base 13) to base 6
-20
Convert -4 (base 15) to base 10.
-4
110000 (base 2) to base 4
300
Convert 0 (base 9) to base 12.
0
What is -65 (base 12) in base 11?
-70
-3 (base 5) to base 3
-10
Convert 3 (base 5) to base 4.
3
-12 (base 3) to base 2
-101
Convert -79 (base 16) to base 3.
-11111
211 (base 4) to base 8
45
What is 88 (base 11) in base 10?
96
What is -40 (base 5) in base 16?
-14
Convert -8c (base 13) to base 9.
-138
Convert 12 (base 4) to base 9.
6
What is -3 (base 13) in base 7?
-3
-33 (base 4) to base 13
-12
What is 0 (base 3) in base 15?
0
4 (base 7) to base 8
4
Convert -4 (base 5) to base 2.
-100
Convert -58 (base 10) to base 13.
-46
Convert -1b (base 13) to base 14.
-1a
23 (base 8) to base 14
15
-4 (base 11) to base 12
-4
What is -8 (base 9) in base 12?
-8
Convert -11 (base 4) to base 6.
-5
Convert 9c (base 13) to base 10.
129
-4 (base 9) to base 8
-4
2 (base 4) to base 2
10
-5 (base 14) to base 7
-5
30 (base 4) to base 8
14
Convert 2 (base 7) to base 14.
2
What is -36 (base 13) in base 10?
-45
What is 552 (base 6) in base 8?
324
What is 16 (base 14) in base 8?
24
What is 81 (base 16) in base 9?
153
6 (base 8) to base 16
6
What is 101 (base 12) in base 4?
2101
Convert -a (base 11) to base 5.
-20
Convert 4 (base 11) to base 13.
4
What is 1 (base 16) in base 12?
1
-26 (base 14) to base 13
-28
Convert -2 (base 9) to base 2.
-10
What is -22 (base 3) in base 12?
-8
Convert 42 (base 8) to base 7.
46
Convert -37 (base 16) to base 7.
-106
14 (base 16) to base 7
26
-bc (base 13) to base 9
-182
-8 (base 12) to base 8
-10
What is -310 (base 7) in base 11?
-130
What is -70 (base 9) in base 12?
-53
9 (base 12) to base 8
11
Convert -33 (base 16) to base 10.
-51
10 (base 13) to base 4
31
Convert -290 (base 10) to base 6.
-1202
-3 (base 8) to base 16
-3
5 (base 12) to base 11
5
51 (base 6) to base 3
1011
13 (base 4) to base 12
7
Convert -13 (base 4) to base 12.
-7
Convert 0 (base 15) to base 13.
0
What is 1 (base 7) in base 13?
1
Convert 26 (base 7) to base 5.
40
What is 134 (base 6) in base 12?
4a
-11101 (base 2) to base 3
-1002
What is 2 (base 7) in base 8?
2
Convert -1 (base 15) to base 12.
-1
What is -2b (base 16) in base 9?
-47
-212 (base 3) to base 10
-23
Convert 3 (base 5) to base 16.
3
What is -7 (base 15) in base 6?
-11
22 (base 5) to base 14
c
Convert 15 (base 12) to base 8.
21
11121 (base 3) to base 14
8c
Convert 10 (base 9) to base 11.
9
What is 0 (base 6) in base 9?
0
1010110 (base 2) to base 14
62
-20021 (base 3) to base 7
-331
Convert -8 (base 12) to base 16.
-8
Convert -3 (base 6) to base 15.
-3
What is -40 (base 6) in base 2?
-11000
What is 74 (base 10) in base 4?
1022
What is -6 (base 12) in base 13?
-6
63 (base 7) to base 15
30
What is -13 (base 8) in base 14?
-b
Convert 14 (base 13) to base 6.
25
What is -221 (base 4) in base 8?
-51
Convert -12 (base 4) to base 7.
-6
What is -1210 (base 3) in base 9?
-53
Convert 105 (base 6) to base 8.
51
Convert -4 (base 14) to base 6.
-4
-35 (base 13) to base 11
-40
What is -100 (base 2) in base 11?
-4
Convert -19 (base 16) to base 14.
-1b
-a (base 14) to base 4
-22
What is 39 (base 15) in base 5?
204
-10 (base 3) to base 15
-3
Convert 1110110 (base 2) to base 12.
9a
What is -45 (base 10) in base 8?
-55
Convert 101 (base 15) to base 8.
342
Convert 0 (base 2) to base 11.
0
-1032 (base 4) to base 9
-86
Convert -9 (base 15) to base 11.
-9
3 (base 15) to base 9
3
100 (base 8) to base 7
121
What is 3 (base 9) in base 8?
3
Convert -1011 (base 3) to base 11.
-29
What is 1 (base 16) in base 12?
1
Convert a8 (base 13) to base 4.
2022
What is 1 (base 4) in base 15?
1
What is 1123 (base 4) in base 13?
70
Convert 103 (base 8) to base 10.
67
What is -5 (base 11) in base 15?
-5
-5 (base 7) to base 16
-5
-2 (base 6) to base 4
-2
What is -5 (base 9) in base 16?
-5
113 (base 11) to base 10
135
Convert 3 (base 5) to base 7.
3
-4 (base 10) to base 15
-4
5 (base 14) to base 10
5
-42 (base 7) to base 12
-26
-54 (base 8) to base 6
-112
-331 (base 4) to base 9
-67
What is -17 (base 8) in base 5?
-30
What is -7 (base 10) in base 14?
-7
Convert 3 (base 8) to base 7.
3
What is 10 (base 16) in base 8?
20
What is 1 (base 13) in base 4?
1
-65 (base 9) to base 6
-135
What is 21 (base 15) in base 8?
37
Convert 12 (base 16) to base 15.
13
Convert 53 (base 8) to base 6.
111
What is -332 (base 4) in base 9?
-68
1222 (base 4) to base 16
6a
Convert -1 (base 11) to base 10.
-1
Convert 3 (base 13) to base 9.
3
What is -3 (base 12) in base 2?
-11
What is 101111011 (base 2) in base 7?
1051
Convert -112 (base 4) to base 6.
-34
Convert 180 (base 10) to base 13.
10b
1d (base 16) to base 5
104
-11 (base 2) to base 7
-3
What is -30 (base 9) in base 4?
-123
Convert 434 (base 7) to base 15.
eb
2 (base 8) to base 4
2
What is -102 (base 3) in base 10?
-11
What is -44 (base 8) in base 2?
-100100
What is -4 (base 12) in base 13?
-4
What is 1 (base 13) in base 12?
1
Convert 30 (base 11) to base 2.
100001
11 (base 4) to base 6
5
-1 (base 8) to base 14
-1
Convert -3 (base 14) to base 6.
-3
166 (base 14) to base 3
101121
119 (base 12) to base 13
c9
Convert 0 (base 5) to base 7.
0
Convert 5 (base 10) to base 7.
5
-123 (base 5) to base 7
-53
What is -5 (base 8) in base 14?
-5
Convert 0 (base 6) to base 14.
0
Convert 37 (base 8) to base 13.
25
What is -7 (base 14) in base 12?
-7
211 (base 5) to base 4
320
-1 (base 13) to base 14
-1
What is 100 (base 2) in base 3?
11
221 (base 3) to base 8
31
What is -1 (base 4) in base 16?
-1
Convert 3 (base 8) to base 16.
3
What is -10 (base 4) in base 12?
-4
What is 18 (base 15) in base 10?
23
What is -2a (base 16) in base 9?
-46
-5 (base 14) to base 2
-101
-17 (base 15) to base 6
-34
Convert 42 (base 7) to base 14.
22
-2 (base 10) to base 7
-2
What is -2 (base 8) in base 9?
-2
-1 (base 15) to base 14
-1
Convert -a (base 11) to base 13.
-a
Convert 101 (base 2) to base 10.
5
What is -8 (base 13) in base 16?
-8
What is 57 (base 8) in base 3?
1202
Convert 20 (base 11) to base 5.
42
Convert b4 (base 15) to base 5.
1134
Convert -2 (base 5) to base 12.
-2
What is 4 (base 11) in base 8?
4
What is -21 (base 16) in base 13?
-27
Convert 265 (base 8) to base 13.
10c
57 (base 14) to base 5
302
Convert 1203 (base 5) to base 7.
343
Convert 18 (base 12) to base 14.
16
Convert -21 (base 4) to base 2.
-1001
Convert -15 (base 13) to base 2.
-10010
What is b (base 13) in base 3?
102
0 (base 4) to base 16
0
Convert -55 (base 7) to base 15.
-2a
-21 (base 4) to base 15
-9
-d (base 16) to base 7
-16
Convert -15 (base 16) to base 13.
-18
What is -16 (base 7) in base 13?
-10
What is -2042 (base 5) in base 10?
-272
10000000 (base 2) to base 6
332
What is -a3 (base 11) in base 6?
-305
Convert 12 (base 3) to base 14.
5
Convert 223 (base 4) to base 12.
37
-4b (base 16) to base 12
-63
Convert 110 (base 5) to base 2.
11110
What is -208 (base 9) in base 16?
-aa
-82 (base 9) to base 16
-4a
12 (base 6) to base 7
11
8 (base 15) to base 2
1000
Convert 